?
273
What is the highest common divisor of 676 and 8996?
52
Calculate the highest common factor of 1189 and 16.
1
Calculate the greatest common factor of 550 and 205975.
275
Calculate the highest common factor of 4908 and 996.
12
Calculate the highest common factor of 106 and 93227.
53
What is the highest common factor of 304 and 4912?
16
What is the greatest common divisor of 5180 and 18200?
140
Calculate the highest common divisor of 16090 and 65.
5
What is the highest common divisor of 405720 and 160?
40
What is the highest common factor of 14459 and 183401?
761
What is the greatest common divisor of 1494 and 1143?
9
What is the greatest common factor of 7837 and 36419?
461
Calculate the highest common divisor of 649662 and 2418.
78
Calculate the highest common divisor of 184 and 258796.
92
Calculate the highest common divisor of 209 and 1227666.
209
What is the greatest common factor of 426 and 138?
6
What is the highest common factor of 25209653 and 301?
301
What is the highest common factor of 293 and 29593?
293
What is the highest common divisor of 1128271 and 101?
101
Calculate the greatest common factor of 8989 and 2225.
89
What is the highest common divisor of 13156 and 1144?
572
What is the greatest common factor of 336 and 86184?
168
What is the greatest common factor of 15378 and 33?
33
What is the highest common factor of 13131651 and 39?
39
What is the highest common factor of 39788 and 580?
116
Calculate the highest common factor of 15691 and 1989.
221
What is the highest common divisor of 216 and 7479?
27
What is the highest common divisor of 18390 and 1560?
30
What is the highest common factor of 12416 and 1746?
194
What is the greatest common factor of 10 and 74870?
10
Calculate the greatest common divisor of 38340 and 95140.
1420
Calculate the greatest common divisor of 1165 and 115.
5
What is the greatest common factor of 450 and 7759575?
225
What is the highest common divisor of 30 and 95730?
30
What is the greatest common divisor of 710395 and 70?
35
What is the greatest common factor of 10279 and 38952?
541
What is the greatest common factor of 860 and 14276?
172
What is the greatest common factor of 33304 and 12696?
184
What is the greatest common factor of 48081 and 423?
141
What is the highest common divisor of 37 and 1158803?
37
What is the greatest common factor of 842749 and 888?
37
What is the highest common divisor of 7090 and 1690?
10
Calculate the greatest common divisor of 85 and 97.
1
Calculate the highest common divisor of 176 and 410707.
11
What is the greatest common divisor of 44941 and 39?
13
What is the greatest common factor of 180 and 41472?
36
Calculate the greatest common divisor of 121767 and 111.
111
What is the highest common divisor of 12 and 329916?
12
Calculate the highest common divisor of 1171107 and 42.
21
What is the greatest common divisor of 556 and 202106?
278
Calculate the highest common divisor of 152 and 424593.
19
Calculate the greatest common divisor of 10044 and 1269.
27
What is the greatest common factor of 2330092 and 13644?
1516
Calculate the highest common divisor of 10052 and 2212.
28
Calculate the greatest common divisor of 27765 and 810.
45
Calculate the highest common divisor of 50700 and 150.
150
What is the greatest common divisor of 290 and 169795?
145
Calculate the greatest common factor of 1 and 430574.
1
What is the highest common factor of 164630 and 31310?
1010
What is the highest common divisor of 26 and 2492282?
26
Calculate the highest common divisor of 952 and 97648.
136
Calculate the greatest common divisor of 306 and 1647.
9
Calculate the highest common divisor of 245224 and 551.
29
What is the highest common divisor of 424602 and 3483?
81
Calculate the greatest common factor of 21 and 340914.
21
Calculate the highest common factor of 902034 and 315.
63
What is the highest common factor of 215175 and 3135?
285
Calculate the greatest common factor of 166 and 121678.
166
What is the greatest common divisor of 67 and 99227?
67
Calculate the greatest common divisor of 34892 and 4576.
572
Calculate the highest common divisor of 11616 and 18458.
22
Calculate the greatest common factor of 5102 and 6.
2
Calculate the greatest common divisor of 16 and 1954672.
16
What is the highest common factor of 362 and 2324402?
362
What is the highest common factor of 429474 and 558?
186
What is the highest common factor of 83 and 22493?
83
What is the greatest common factor of 1575 and 125055?
315
What is the highest common factor of 31691 and 153725?
473
What is the greatest common factor of 166173 and 155841?
861
Calculate the greatest common factor of 7515 and 1044.
9
Calculate the greatest common factor of 24667 and 76903.
1451
Calculate the highest common divisor of 75 and 321575.
25
What is the highest common divisor of 1196 and 2125890?
598
What is the greatest common factor of 22950 and 26520?
510
Calculate the greatest common divisor of 3017 and 414191.
431
What is the greatest common divisor of 5560 and 3648?
8
Calculate the highest common factor of 78923 and 169.
169
Calculate the highest common divisor of 27977 and 1818.
101
Calculate the greatest common divisor of 8998 and 51125.
409
Calculate the greatest common divisor of 108990 and 5370.
30
What is the highest common factor of 158 and 60748?
2
Calculate the highest common divisor of 52900 and 475.
25
Calculate the greatest common divisor of 28 and 12299.
7
What is the highest common divisor of 171152 and 4?
4
Calculate the highest common divisor of 93 and 135377.
31
Calculate the greatest common factor of 220 and 5764.
44
What is the greatest common factor of 466295 and 1432?
179
What is the greatest common factor of 707 and 36259?
101
What is the greatest common divisor of 118340 and 340?
20
What is the highest common divisor of 207 and 1362819?
69
What is the highest common factor of 1185 and 2184745?
395
What is the greatest common factor of 6836 and 112?
4
What is the greatest common divisor of 4410 and 88740?
90
Calculate the highest common divisor of 26444 and 44.
44
Calculate the highest common factor of 3549 and 170457.
21
Calculate the highest common factor of 2786 and 14328.
398
What is the highest common factor of 287521 and 221?
221
Calculate the highest common factor of 1792 and 99106.
14
What is the greatest common factor of 105854 and 28?
14
What is the greatest common divisor of 438727 and 2101?
191
What is the highest common factor of 9 and 274464?
9
What is the greatest common divisor of 19039 and 964?
241
Calculate the highest common factor of 295489 and 47.
47
What is the greatest common factor of 12 and 511068?
12
What is the greatest common factor of 213 and 2922999?
213
What is the greatest common divisor of 192 and 79998?
6
Calculate the greatest common divisor of 67682 and 344.
86
Calculate the highest common divisor of 207 and 2139.
69
Calculate the greatest common factor of 208 and 1652092.
52
Calculate the greatest common divisor of 1277 and 23.
1
What is the greatest common factor of 14 and 326858?
14
What is the highest common divisor of 4439 and 11387?
193
Calculate the highest common factor of 301374 and 54.
54
Calculate the greatest common factor of 27956 and 47676.
116
What is the greatest common divisor of 24 and 712056?
24
What is the highest common factor of 1745 and 366799?
349
What is the highest common divisor of 504612 and 54?
18
What is the highest common factor of 738150 and 54?
6
Calculate the greatest common divisor of 17076 and 4908.
12
What is the highest common divisor of 8547 and 104451?
111
What is the greatest common divisor of 62263 and 76?
19
Calculate the highest common divisor of 11507 and 333.
37
Calculate the greatest common factor of 35 and 44695.
35
What is the highest common divisor of 1653 and 589?
19
What is the highest common factor of 1916 and 172?
4
Calculate the greatest common factor of 11712 and 107421.
183
Calculate the highest common divisor of 3243 and 16767.
69
What is the highest common divisor of 3193 and 56444?
103
What is the greatest common factor of 4858 and 11?
1
Calculate the greatest common factor of 7165333 and 1526.
763
Calculate the greatest common divisor of 31222 and 7236.
134
What is the highest common divisor of 522000 